 of 2778114577?
7
What is the thousands digit of 8653215?
3
What is the thousands digit of 5919685559?
5
What is the ten thousands digit of 105707768?
0
What is the hundred thousands digit of 69281576?
2
What is the ten thousands digit of 161633602?
3
What is the tens digit of 844245252?
5
What is the hundred millions digit of 2922659369?
9
What is the hundred thousands digit of 1226067617?
0
What is the hundred millions digit of 909954927?
9
What is the hundreds digit of 54032557?
5
What is the units digit of 1827958090?
0
What is the hundred thousands digit of 121375006?
3
What is the ten millions digit of 3650033687?
5
What is the hundred millions digit of 164358744?
1
What is the tens digit of 40610797?
9
What is the tens digit of 42752124?
2
What is the billions digit of 6389423491?
6
What is the hundred thousands digit of 1070752138?
7
What is the units digit of 4538181964?
4
What is the hundred thousands digit of 121449730?
4
What is the ten millions digit of 36950343?
3
What is the millions digit of 897181351?
7
What is the thousands digit of 902049144?
9
What is the hundred thousands digit of 231874588?
8
What is the hundreds digit of 28864000?
0
What is the ten millions digit of 231727146?
3
What is the hundred thousands digit of 449366309?
3
What is the thousands digit of 369742674?
2
What is the millions digit of 1553981870?
3
What is the hundreds digit of 74486483?
4
What is the billions digit of 1168273378?
1
What is the hundreds digit of 373963693?
6
What is the thousands digit of 5112450137?
0
What is the ten millions digit of 441913237?
4
What is the ten millions digit of 4748235446?
4
What is the hundreds digit of 842505729?
7
What is the thousands digit of 157052214?
2
What is the ten thousands digit of 392285358?
8
What is the millions digit of 3340372360?
0
What is the units digit of 181087070?
0
What is the millions digit of 128768737?
8
What is the thousands digit of 2044431371?
1
What is the thousands digit of 121354567?
4
What is the thousands digit of 296505096?
5
What is the millions digit of 1503031773?
3
What is the ten thousands digit of 1862185871?
8
What is the millions digit of 94200825?
4
What is the ten millions digit of 97953259?
9
What is the ten millions digit of 46531261?
4
What is the tens digit of 581457779?
7
What is the hundreds digit of 1121394867?
8
What is the hundreds digit of 83085853?
8
What is the billions digit of 2108684511?
2
What is the hundred thousands digit of 978898079?
8
What is the hundred thousands digit of 35687013?
6
What is the hundreds digit of 106059389?
3
What is the hundreds digit of 192897162?
1
What is the hundreds digit of 657837?
8
What is the tens digit of 139889124?
2
What is the hundred thousands digit of 130739866?
7
What is the hundred thousands digit of 3014828550?
8
What is the billions digit of 2826182042?
2
What is the billions digit of 1338795476?
1
What is the ten thousands digit of 72503197?
0
What is the ten thousands digit of 92098961?
9
What is the tens digit of 157332352?
5
What is the hundreds digit of 808035579?
5
What is the tens digit of 128921725?
2
What is the ten millions digit of 715071849?
1
What is the thousands digit of 73314458?
4
What is the hundred thousands digit of 1045331192?
3
What is the thousands digit of 34534292?
4
What is the thousands digit of 186829164?
9
What is the hundred millions digit of 1472394516?
4
What is the ten thousands digit of 113642380?
4
What is the hundreds digit of 28687146?
1
What is the hundred millions digit of 755791427?
7
What is the units digit of 1209943081?
1
What is the billions digit of 4760180061?
4
What is the units digit of 556759727?
7
What is the ten millions digit of 9251985249?
5
What is the millions digit of 862316616?
2
What is the millions digit of 1099309850?
9
What is the units digit of 37104186?
6
What is the ten millions digit of 1735137332?
3
What is the hundred millions digit of 110923086?
1
What is the thousands digit of 1096937728?
7
What is the hundreds digit of 237216908?
9
What is the hundreds digit of 110226755?
7
What is the thousands digit of 214782712?
2
What is the hundred thousands digit of 39260789?
2
What is the ten millions digit of 133751674?
3
What is the tens digit of 376358954?
5
What is the thousands digit of 52650631?
0
What is the units digit of 36366999?
9
What is the hundred millions digit of 190532164?
1
What is the thousands digit of 848246860?
6
What is the hundred thousands digit of 2114425888?
4
What is the tens digit of 1573048113?
1
What is the hundred millions digit of 3403382553?
4
What is the units digit of 4366548664?
4
What is the ten thousands digit of 12185256?
8
What is the ten millions digit of 1460663654?
6
What is the units digit of 1606241408?
8
What is the units digit of 1685771050?
0
What is the thousands digit of 1171732555?
2
What is the hundreds digit of 388719880?
8
What is the hundred thousands digit of 631612?
6
What is the hundreds digit of 4306269383?
3
What is the billions digit of 1844308629?
1
What is the hundreds digit of 59054990?
9
What is the hundred millions digit of 110777880?
1
What is the millions digit of 17230935?
7
What is the tens digit of 71581379?
7
What is the ten thousands digit of 98643662?
4
What is the hundred thousands digit of 459129548?
1
What is the thousands digit of 19435719?
5
What is the hundreds digit of 97639040?
0
What is the ten millions digit of 199679878?
9
What is the tens digit of 5078316445?
4
What is the billions digit of 1706800167?
1
What is the thousands digit of 32368727?
8
What is the billions digit of 2435853489?
2
What is the hundreds digit of 331481175?
1
What is the ten millions digit of 38599551?
3
What is the tens digit of 69494685?
8
What is the hundred millions digit of 884724705?
8
What is the hundreds digit of 3391734173?
1
What is the units digit of 646706594?
4
What is the thousands digit of 243571825?
1
What is the hundreds digit of 1687292289?
2
What is the hundreds digit of 42338581?
5
What is the tens digit of 3348599668?
6
What is the units digit of 710006334?
4
What is the hundred thousands digit of 23379356?
3
What is the thousands digit of 53860509?
0
What is the ten thousands digit of 181924733?
2
What is the tens digit of 18294802?
0
What is the millions digit of 30832221?
0
What is the hundred millions digit of 1607884074?
6
What is the ten thousands digit of 954787137?
8
What is the units digit of 99912004?
4
What is the tens digit of 53780932?
3
What is the thousands digit of 583333751?
3
What is the tens digit of 49199085?
8
What is the hundreds digit of 318432868?
8
What is the hundred millions digit of 112324356?
1
What is the thousands digit of 334843817?
3
What is the units digit of 12760631?
1
What is the billions digit of 1521753046?
1
What is the thousands digit of 547471804?
1
What is the thousands digit of 1109831456?
1
What is the hundreds digit of 83081183?
1
What is the billions digit of 2954760566?
2
What is the millions digit of 551975122?
1
What is the millions digit of 87824672?
7
What is the millions digit of 793835851?
3
What is the ten thousands digit of 106121271?
2
What is the hundred thousands digit of 1065713369?
7
What is the hundreds digit of 190534311?
3
What is the millions digit of 179254789?
9
What is the billions digit of 1234094604?
1
What is the units digit of 686933224?
4
What is the tens digit of 146949229?
2
What is the millions digit of 244170615?
4
What is the ten thousands digit of 4859966372?
6
What is the billions digit of 4688703294?
4
What is the hundred millions digit of 861362926?
8
What is the hundreds digit of 432042303?
3
What is the millions digit of 184695540?
4
What is the thousands digit of 499884702?
4
What is the ten thousands digit of 27700394?
0
What is the ten thousands digit of 8735311?
3
What is the ten millions digit of 975472925?
7
What is the hundreds digit of 87694442?
4
What is the ten millions digit of 44988291?
4
What is the millions digit of 80753986?
0
What is the ten millions digit of 174461596?
7
What is the units digit of 146564002?
2
What is the tens digit of 109444775?
7
What is the ten millions digit of 612889744?
1
What is the hundred thousands digit of 560919159?
9
What is the units digit o